highest common factor of z and u?
2
Let w be (1872/(-30))/((-99)/30 + 3). Calculate the greatest common divisor of w and 16.
16
Let k = 1 - -1. Let s(p) = 0*p - k*p + 4 + p + 2. Let v be s(-4). What is the highest common divisor of v and 90?
10
Let o = 299 + -209. What is the greatest common divisor of o and 234?
18
Let p = -5 - 6. Let z be 12 + 6*(1 - (-1)/(-3)). Let u = p + z. What is the greatest common factor of u and 35?
5
Let y be 1 - (-24*1 + 3). Let q be -1*1*(8 + y). Let j be (36/q)/((-2)/15). Calculate the highest common divisor of 1 and j.
1
Let s(g) = 25*g**3 + g. Let i be s(1). Calculate the highest common factor of 130 and i.
26
Let m be (1 - (-708)/16) + (-4)/16. Suppose -4*c + 70 = -5*d, 4*d + 2*c + 40 = -d. Let r = 15 + d. Calculate the highest common divisor of m and r.
5
Let x = -97 + 105. Calculate the greatest common divisor of 1 and x.
1
Let y = 115 - 121. Let h be (-190)/y + (-14)/21 - -1. What is the greatest common divisor of 112 and h?
16
Suppose 5*i = 62 - 12. Let o(m) = -m**2 + 14*m - 12. Let y be o(i). Let j = -21 + y. What is the greatest common factor of 35 and j?
7
Let i(a) = 7*a**3 + 8*a**2 - 30*a + 4. Let s be i(4). Calculate the greatest common divisor of s and 60.
20
Let q(y) = y**2 - 3*y + 4. Let s be q(2). Let z = s - -23. Calculate the highest common factor of z and 50.
25
Let u = 166 + -165. Suppose 0*n - 24 = -4*n. What is the highest common factor of u and n?
1
Let j be 3*2/3 - -2. Suppose j*o - 104 = 2*o. Let t = o - 25. Calculate the highest common divisor of t and 81.
27
Let z be (-2)/7 - 30/(-7). Suppose -a + 2*v = -z, -5*a + 3*v = 5*v - 20. Calculate the highest common divisor of a and 8.
4
Let t be 20/(-4) + 2 + 132. Calculate the greatest common factor of 3 and t.
3
Let u = -1114 + 1238. What is the highest common divisor of u and 4?
4
Suppose -3*b + 30 = 2*b. Suppose z = 3 - 1. Suppose 3*q - z*q = 48. Calculate the highest common divisor of b and q.
6
Let w = -272 - -292. Calculate the greatest common divisor of 45 and w.
5
Suppose -12 = -2*l - 2, -5*h = 5*l - 20. Suppose 0*n + 5*d + 231 = 3*n, d - 77 = -n. Let p be (n/21)/(h/(-6)). What is the greatest common factor of p and 66?
22
Let z(t) = -3*t**2 - 37*t + 38. Let k be z(-12). Calculate the greatest common divisor of k and 70.
10
Let g = -207 + 100. Let w = 191 + g. Suppose -4*l = -34 - 50. What is the greatest common factor of w and l?
21
Let r be (-2)/(-13) + 972/(-234) - -88. What is the greatest common factor of 48 and r?
12
Let n = 509 - 303. Calculate the greatest common divisor of n and 103.
103
Suppose 3*g - 546 = -3*g. Let x be (g - (-4 + 1)) + 4. Suppose 0 = -5*s + 3*s + x. Calculate the greatest common factor of s and 7.
7
Suppose 98 = -j + 2*j. Suppose 219*i - 3744 = -678. What is the greatest common divisor of j and i?
14
Let p be (-580)/6*3*(-4)/(-5). Let g be (p/(-6))/((-4)/(-6)). What is the highest common factor of g and 29?
29
Let h = -19 + 27. Suppose 0 = -72*i + 70*i - 8. Let b = i + h. Calculate the highest common divisor of b and 16.
4
Let k be 1 - (1 + 2) - -6. Let j be (-1)/1 - k/(-2). Let r = -134 - -135. What is the highest common factor of j and r?
1
Let c be 4/2 + -4 + -79 + 0. Let p be (-5364)/c - -3*(-4)/54. Let w be (-44)/(-2)*(3 - 1). What is the greatest common factor of p and w?
22
Let p = -333 + 341. What is the highest common factor of p and 440?
8
Suppose -3*s - 5*h - 16 = -0*h, 19 = -2*s - 5*h. What is the highest common divisor of 7 and s?
1
Let r(l) = 19*l**3 + 9*l**2 - 19*l + 4. Let z be r(2). What is the highest common factor of z and 182?
14
Let d be (20/(-8))/(5/(-4)). Let u be (2/d)/(34/374). Calculate the greatest common divisor of 110 and u.
11
Let r(q) = 45*q. Let a be r(13). Suppose j - a = -4*j. What is the greatest common factor of 13 and j?
13
Let p = -21 - -23. Suppose 0 = -7*l + p*l + 25. What is the highest common factor of l and 45?
5
Let o = 9 + -17. Let t be (1 + -1)*4/o. Suppose t = -3*j + 2 + 94. What is the greatest common factor of 48 and j?
16
Suppose -29*j = -31*j + 378. What is the greatest common divisor of j and 63?
63
Let f = -354 - -369. What is the highest common factor of 960 and f?
15
Let p be (-6 - -6) + (6 - 4). Calculate the greatest common divisor of 166 and p.
2
Let j(m) = 2*m - 6. Let a be j(4). Suppose -4*c + 244 = 4*s, c + a*s - 32 = 27. Calculate the highest common divisor of c and 7.
7
Suppose 210 = 9*v + 5*v. What is the highest common factor of v and 27?
3
Let i be (72/(-30))/((27/210)/3). Let v = -22 - i. Calculate the highest common factor of v and 2.
2
Let r be -3 + (-115)/(-13) - (-2)/13. Let l be (r + 1)/(4*5/40). Calculate the greatest common factor of l and 21.
7
Let f be (-19 - -3) + 3 + 1. Let j be 143/4 - 3/f. Suppose j = 5*c - c. Calculate the highest common factor of c and 1.
1
Suppose 6*s - 2*s = 20. Suppose -5*z - s*z + 80 = 0. Calculate the highest common factor of 8 and z.
8
Suppose -2*o = -4, 66 = j - 2*o - 72. Let y = -62 + j. Calculate the highest common divisor of 60 and y.
20
Suppose -2*v + 33 = -2*d + 1195, 5*v - 1183 = -2*d. Calculate the greatest common divisor of d and 16.
8
Let t be (40/30)/(2/3). Suppose 2*g - 24 = -t*g - 3*l, -g = l - 6. What is the greatest common factor of g and 8?
2
Let a(p) = -7*p + 13. Let l be a(-5). Suppose -5*q + 128 = 3*w, -5*w + 4*q + 0*q + 164 = 0. Calculate the greatest common divisor of l and w.
12
Suppose 124*b + 2*r = 120*b + 512, -3*r + 512 = 4*b. Calculate the greatest common factor of 320 and b.
64
Let w(b) be the third derivative of -b**6/120 + 3*b**5/20 - b**4/8 - 4*b**3/3 + 12*b**2. Let p be w(8). What is the highest common factor of 4 and p?
4
Let c(g) = -20 - 54*g + 42*g - 16. Let h be c(-18). What is the highest common divisor of h and 20?
20
Let y(d) = 3*d + 24. Let x be y(-6). Suppose -x*c = -2*c - 72. Calculate the greatest common factor of c and 63.
9
Let m(x) = 6*x - 96. Let v(z) = 31*z**2 - z - 1. Let q be v(-1). Let h be m(q). Let f be 18 - -1 - 1/1. What is the greatest common factor of f and h?
18
Suppose -2*k - 8 + 100 = -4*i, k - 24 = i. Let f = i + 25. Calculate the highest common divisor of f and 15.
3
Let y = -11 + 3. Let s = 16 + y. Suppose 4*r - 2*v = 26, 3*r + v = s + 14. What is the highest common divisor of 28 and r?
7
Let s(d) = -d**3 - d**2 + 7*d + 415. Let l be s(0). What is the greatest common divisor of l and 166?
83
Let d be 4 + (-6)/((-12)/208 + 0). Calculate the highest common factor of d and 252.
36
Let b(w) = -29*w - 3. Let m be b(-2). Let q = 36 + -20. Let g(h) = -h**3 + 15*h**2 + 18*h - 21. Let v be g(q). What is the highest common factor of v and m?
11
Let o(v) be the third derivative of v**4/8 - 5*v**3/3 + v**2 - 11. Let j be o(4). What is the greatest common factor of 13 and j?
1
Let t(q) = 17*q - 5. Let a be t(9). Suppose -28 = s - 2*f, -a = 5*s - 5*f + 3*f. Let m be (-4 - -7)*s/(-2). What is the greatest common divisor of m and 30?
15
Suppose -4*l = -4*x - 72, 5*x + 132 - 30 = -l. Let a be (-94)/(-10) - (-8)/x. Calculate the greatest common divisor of a and 72.
9
Let k = -1189 - -1215. What is the highest common divisor of k and 1573?
13
Suppose 12*w - 755 + 719 = 0. Let d be -1*(-6)/(-2) + 2. Let k(b) = -3*b. Let s be k(d). Calculate the greatest common factor of w and s.
3
Let q(t) = -2*t**3 - 3*t**2 + 5*t + 4. Let u be q(-3). What is the highest common divisor of 28 and u?
4
Let p be ((-6)/(-15))/((-2)/(-5)). Let g(v) = -v**3 - v**2 + 2*v - 2. Let w be g(p). Let t be -2 + (-4)/w + 3. What is the greatest common divisor of 27 and t?
3
Let v be ((-18)/(-8))/((-13)/52). Let q = v - -17. What is the greatest common factor of 2 and q?
2
Suppose -36 = 4*f - 76. Suppose 66 = f*k - 84. Let p(z) = z**3 + 3*z**2 - 7*z - 6. Let o be p(-4). Calculate the highest common factor of k and o.
3
Let u be 100/(1 + (-4)/5). Calculate the greatest common divisor of 20 and u.
20
Suppose 123 = -10*i + 543. What is the highest common factor of i and 231?
21
Let d be (407/33 - 10)/(2/6). Calculate the greatest common factor of 287 and d.
7
Suppose -40 = s + 4*s. Let t = s - 3. Let q = t - -13. What is the highest common factor of q and 5?
1
Let s = 58 - 25. Suppose s = 2*m - 147. Let u be (-7)/((-7)/3) - -7. What is the greatest common divisor of m and u?
10
Let g(n) = -n